{"id":140,"date":"2022-11-18T20:30:36","date_gmt":"2022-11-18T19:30:36","guid":{"rendered":"http:\/\/andreaemerit.fr\/?page_id=140"},"modified":"2023-08-22T12:18:20","modified_gmt":"2023-08-22T10:18:20","slug":"roadtrip-en-ecosse","status":"publish","type":"page","link":"https:\/\/andreaemerit.fr\/index.php\/roadtrip-en-ecosse\/","title":{"rendered":"Roadtrip en Ecosse"},"content":{"rendered":"\t\t<div data-elementor-type=\"wp-page\" data-elementor-id=\"140\" class=\"elementor elementor-140\">\n\t\t\t\t\t\t<section class=\"elementor-section elementor-top-section elementor-element elementor-element-0b55945 elementor-section-full_width elementor-section-height-default elementor-section-height-default\" data-id=\"0b55945\" data-element_type=\"section\" data-e-type=\"section\">\n\t\t\t\t\t\t<div class=\"elementor-container elementor-column-gap-default\">\n\t\t\t\t\t<div class=\"elementor-column elementor-col-100 elementor-top-column elementor-element elementor-element-7ab61e7\" data-id=\"7ab61e7\" data-element_type=\"column\" data-e-type=\"column\">\n\t\t\t<div class=\"elementor-widget-wrap elementor-element-populated\">\n\t\t\t\t\t\t<div class=\"elementor-element elementor-element-fb223de elementor-button-success elementor-align-center elementor-widget elementor-widget-button\" data-id=\"fb223de\" data-element_type=\"widget\" data-e-type=\"widget\" data-widget_type=\"button.default\">\n\t\t\t\t<div class=\"elementor-widget-container\">\n\t\t\t\t\t\t\t\t\t<div class=\"elementor-button-wrapper\">\n\t\t\t\t\t<a class=\"elementor-button elementor-button-link elementor-size-sm\" href=\"http:\/\/andreaemerit.fr\/index.php\/galerie-photo\">\n\t\t\t\t\t\t<span class=\"elementor-button-content-wrapper\">\n\t\t\t\t\t\t<span class=\"elementor-button-icon\">\n\t\t\t\t<i aria-hidden=\"true\" class=\"fas fa-arrow-alt-circle-left\"><\/i>\t\t\t<\/span>\n\t\t\t\t\t\t\t\t\t<span class=\"elementor-button-text\">Retour<\/span>\n\t\t\t\t\t<\/span>\n\t\t\t\t\t<\/a>\n\t\t\t\t<\/div>\n\t\t\t\t\t\t\t\t<\/div>\n\t\t\t\t<\/div>\n\t\t\t\t\t<\/div>\n\t\t<\/div>\n\t\t\t\t\t<\/div>\n\t\t<\/section>\n\t\t\t\t<section class=\"elementor-section elementor-top-section elementor-element elementor-element-c76b931 elementor-section-boxed elementor-section-height-default elementor-section-height-default\" data-id=\"c76b931\" data-element_type=\"section\" data-e-type=\"section\">\n\t\t\t\t\t\t<div class=\"elementor-container elementor-column-gap-default\">\n\t\t\t\t\t<div class=\"elementor-column elementor-col-100 elementor-top-column elementor-element elementor-element-21f7a09\" data-id=\"21f7a09\" data-element_type=\"column\" data-e-type=\"column\">\n\t\t\t<div class=\"elementor-widget-wrap elementor-element-populated\">\n\t\t\t\t\t\t<div class=\"elementor-element elementor-element-41c9850 elementor-position-top elementor-widget elementor-widget-image-box\" data-id=\"41c9850\" data-element_type=\"widget\" data-e-type=\"widget\" data-widget_type=\"image-box.default\">\n\t\t\t\t<div class=\"elementor-widget-container\">\n\t\t\t\t\t<div class=\"elementor-image-box-wrapper\"><figure class=\"elementor-image-box-img\"><a href=\"http:\/\/andreaemerit.fr\/index.php\/ecosse-j1-5\/\" tabindex=\"-1\"><img fetchpriority=\"high\" decoding=\"async\" width=\"2560\" height=\"1920\" src=\"https:\/\/andreaemerit.fr\/wp-content\/uploads\/2022\/11\/Scotland_J3-50-scaled.jpg\" class=\"elementor-animation-grow attachment-full size-full wp-image-205\" alt=\"\" srcset=\"https:\/\/andreaemerit.fr\/wp-content\/uploads\/2022\/11\/Scotland_J3-50-scaled.jpg 2560w, https:\/\/andreaemerit.fr\/wp-content\/uploads\/2022\/11\/Scotland_J3-50-300x225.jpg 300w, https:\/\/andreaemerit.fr\/wp-content\/uploads\/2022\/11\/Scotland_J3-50-1024x768.jpg 1024w, https:\/\/andreaemerit.fr\/wp-content\/uploads\/2022\/11\/Scotland_J3-50-768x576.jpg 768w, https:\/\/andreaemerit.fr\/wp-content\/uploads\/2022\/11\/Scotland_J3-50-1536x1152.jpg 1536w, https:\/\/andreaemerit.fr\/wp-content\/uploads\/2022\/11\/Scotland_J3-50-2048x1536.jpg 2048w, https:\/\/andreaemerit.fr\/wp-content\/uploads\/2022\/11\/Scotland_J3-50-2000x1500.jpg 2000w\" sizes=\"(max-width: 2560px) 100vw, 2560px\" \/><\/a><\/figure><div class=\"elementor-image-box-content\"><h3 class=\"elementor-image-box-title\"><a href=\"http:\/\/andreaemerit.fr\/index.php\/ecosse-j1-5\/\">Jours 1 \u00e0 5 les \"Lowlands\"<\/a><\/h3><p class=\"elementor-image-box-description\">De Edimbourg \u00e0 Glennfinan en passant par le Loch Lomond, Fort William et le Ben Nevis. Le voyage de la capital en passant par le sud jusqu'\u00e0 l'\u00eele de Skye<\/p><\/div><\/div>\t\t\t\t<\/div>\n\t\t\t\t<\/div>\n\t\t\t\t\t<\/div>\n\t\t<\/div>\n\t\t\t\t\t<\/div>\n\t\t<\/section>\n\t\t\t\t<section class=\"elementor-section elementor-top-section elementor-element elementor-element-d87a630 elementor-section-boxed elementor-section-height-default elementor-section-height-default\" data-id=\"d87a630\" data-element_type=\"section\" data-e-type=\"section\">\n\t\t\t\t\t\t<div class=\"elementor-container elementor-column-gap-default\">\n\t\t\t\t\t<div class=\"elementor-column elementor-col-100 elementor-top-column elementor-element elementor-element-997be07\" data-id=\"997be07\" data-element_type=\"column\" data-e-type=\"column\">\n\t\t\t<div class=\"elementor-widget-wrap elementor-element-populated\">\n\t\t\t\t\t\t<div class=\"elementor-element elementor-element-01d026e elementor-position-top elementor-widget elementor-widget-image-box\" data-id=\"01d026e\" data-element_type=\"widget\" data-e-type=\"widget\" data-widget_type=\"image-box.default\">\n\t\t\t\t<div class=\"elementor-widget-container\">\n\t\t\t\t\t<div class=\"elementor-image-box-wrapper\"><figure class=\"elementor-image-box-img\"><a href=\"http:\/\/andreaemerit.fr\/index.php\/ecosse-jour-5-8\/\" tabindex=\"-1\"><img decoding=\"async\" width=\"2560\" height=\"1920\" src=\"https:\/\/andreaemerit.fr\/wp-content\/uploads\/2022\/11\/Scotland_J5-21-scaled.jpg\" class=\"elementor-animation-grow attachment-full size-full wp-image-212\" alt=\"\" srcset=\"https:\/\/andreaemerit.fr\/wp-content\/uploads\/2022\/11\/Scotland_J5-21-scaled.jpg 2560w, https:\/\/andreaemerit.fr\/wp-content\/uploads\/2022\/11\/Scotland_J5-21-300x225.jpg 300w, https:\/\/andreaemerit.fr\/wp-content\/uploads\/2022\/11\/Scotland_J5-21-1024x768.jpg 1024w, https:\/\/andreaemerit.fr\/wp-content\/uploads\/2022\/11\/Scotland_J5-21-768x576.jpg 768w, https:\/\/andreaemerit.fr\/wp-content\/uploads\/2022\/11\/Scotland_J5-21-1536x1152.jpg 1536w, https:\/\/andreaemerit.fr\/wp-content\/uploads\/2022\/11\/Scotland_J5-21-2048x1536.jpg 2048w, https:\/\/andreaemerit.fr\/wp-content\/uploads\/2022\/11\/Scotland_J5-21-2000x1500.jpg 2000w\" sizes=\"(max-width: 2560px) 100vw, 2560px\" \/><\/a><\/figure><div class=\"elementor-image-box-content\"><h3 class=\"elementor-image-box-title\"><a href=\"http:\/\/andreaemerit.fr\/index.php\/ecosse-jour-5-8\/\">Jours 5 \u00e0 8 l'\u00eele de Skye<\/a><\/h3><p class=\"elementor-image-box-description\">Apr\u00e8s quelques jours sur le \"continent\" nous arrivons sur ce qui doit \u00eatre la plus belle \u00eele de toute l'Ecosse, l'\u00eele de Skye. C'\u00e9tait sans compter le \"soleil\" Ecossais bien connu. Un endroit tout de m\u00eame sublime en d\u00e9pit de la malchance d'une brume constante.<\/p><\/div><\/div>\t\t\t\t<\/div>\n\t\t\t\t<\/div>\n\t\t\t\t<div class=\"elementor-element elementor-element-144cef7 elementor-position-top elementor-widget elementor-widget-image-box\" data-id=\"144cef7\" data-element_type=\"widget\" data-e-type=\"widget\" data-widget_type=\"image-box.default\">\n\t\t\t\t<div class=\"elementor-widget-container\">\n\t\t\t\t\t<div class=\"elementor-image-box-wrapper\"><figure class=\"elementor-image-box-img\"><a href=\"http:\/\/andreaemerit.fr\/index.php\/ecosse-jour-8-12\/\" tabindex=\"-1\"><img decoding=\"async\" width=\"2560\" height=\"1920\" src=\"https:\/\/andreaemerit.fr\/wp-content\/uploads\/2022\/11\/Scotland_J8-15-scaled.jpg\" class=\"elementor-animation-grow attachment-full size-full wp-image-217\" alt=\"\" srcset=\"https:\/\/andreaemerit.fr\/wp-content\/uploads\/2022\/11\/Scotland_J8-15-scaled.jpg 2560w, https:\/\/andreaemerit.fr\/wp-content\/uploads\/2022\/11\/Scotland_J8-15-300x225.jpg 300w, https:\/\/andreaemerit.fr\/wp-content\/uploads\/2022\/11\/Scotland_J8-15-1024x768.jpg 1024w, https:\/\/andreaemerit.fr\/wp-content\/uploads\/2022\/11\/Scotland_J8-15-768x576.jpg 768w, https:\/\/andreaemerit.fr\/wp-content\/uploads\/2022\/11\/Scotland_J8-15-1536x1152.jpg 1536w, https:\/\/andreaemerit.fr\/wp-content\/uploads\/2022\/11\/Scotland_J8-15-2048x1536.jpg 2048w, https:\/\/andreaemerit.fr\/wp-content\/uploads\/2022\/11\/Scotland_J8-15-2000x1500.jpg 2000w\" sizes=\"(max-width: 2560px) 100vw, 2560px\" \/><\/a><\/figure><div class=\"elementor-image-box-content\"><h3 class=\"elementor-image-box-title\"><a href=\"http:\/\/andreaemerit.fr\/index.php\/ecosse-jour-8-12\/\">Jours 8 \u00e0 12 Les Highlands<\/a><\/h3><p class=\"elementor-image-box-description\">Nous repartons de l'\u00eele de Skye pour rejoindre Inverness la capitale des Highlands. Apr\u00e8s un passage sur le champs de bataille de Culloden nous rejoignons le parc national des Cairngorms pour finir par une d\u00e9gustation de Whisky \u00e0 la distillerie Dalwhinnie sur la route pour rentrer \u00e0 Glasgow puis Edimbourg.<\/p><\/div><\/div>\t\t\t\t<\/div>\n\t\t\t\t<\/div>\n\t\t\t\t\t<\/div>\n\t\t<\/div>\n\t\t\t\t\t<\/div>\n\t\t<\/section>\n\t\t\t\t<\/div>\n\t\t","protected":false},"excerpt":{"rendered":"<p>Retour Jours 1 \u00e0 5 les &#8220;Lowlands&#8221; De Edimbourg \u00e0 Glennfinan en passant par le Loch Lomond, Fort William et le Ben Nevis. Le voyage de la capital en passant par le sud jusqu&#8217;\u00e0 l&#8217;\u00eele de Skye Jours 5 \u00e0 8 l&#8217;\u00eele de Skye Apr\u00e8s quelques jours sur le &#8220;continent&#8221; nous arrivons sur ce qui &hellip; <\/p>\n<p class=\"link-more\"><a href=\"https:\/\/andreaemerit.fr\/index.php\/roadtrip-en-ecosse\/\" class=\"more-link\">Read more<span class=\"screen-reader-text\"> &#8220;Roadtrip en Ecosse&#8221;<\/span><\/a><\/p>\n","protected":false},"author":1,"featured_media":0,"parent":0,"menu_order":0,"comment_status":"closed","ping_status":"closed","template":"","meta":{"inspiro_hide_title":false,"footnotes":""},"class_list":["post-140","page","type-page","status-publish","hentry"],"_links":{"self":[{"href":"https:\/\/andreaemerit.fr\/index.php\/wp-json\/wp\/v2\/pages\/140","targetHints":{"allow":["GET"]}}],"collection":[{"href":"https:\/\/andreaemerit.fr\/index.php\/wp-json\/wp\/v2\/pages"}],"about":[{"href":"https:\/\/andreaemerit.fr\/index.php\/wp-json\/wp\/v2\/types\/page"}],"author":[{"embeddable":true,"href":"https:\/\/andreaemerit.fr\/index.php\/wp-json\/wp\/v2\/users\/1"}],"replies":[{"embeddable":true,"href":"https:\/\/andreaemerit.fr\/index.php\/wp-json\/wp\/v2\/comments?post=140"}],"version-history":[{"count":25,"href":"https:\/\/andreaemerit.fr\/index.php\/wp-json\/wp\/v2\/pages\/140\/revisions"}],"predecessor-version":[{"id":1417,"href":"https:\/\/andreaemerit.fr\/index.php\/wp-json\/wp\/v2\/pages\/140\/revisions\/1417"}],"wp:attachment":[{"href":"https:\/\/andreaemerit.fr\/index.php\/wp-json\/wp\/v2\/media?parent=140"}],"curies":[{"name":"wp","href":"https:\/\/api.w.org\/{rel}","templated":true}]}}